{"id":66,"date":"2022-07-27T17:49:18","date_gmt":"2022-07-27T15:49:18","guid":{"rendered":"http:\/\/www.studiotangoargentino.com\/?page_id=66"},"modified":"2024-07-05T18:19:24","modified_gmt":"2024-07-05T16:19:24","slug":"niveau-34-et-avance","status":"publish","type":"page","link":"https:\/\/www.studiotangoargentino.com\/?page_id=66","title":{"rendered":"Inter-Avanc\u00e9"},"content":{"rendered":"\n<p>Ce cours s\u2019adresse \u00e0 celles et ceux qui sont dans une recherche de perfectionnement dans leur danse, il est ouvert \u00e0 partir de la troisi\u00e8me ann\u00e9e d\u2019apprentissage et sera assur\u00e9 tout le long de l\u2019ann\u00e9e par des professeurs de renomm\u00e9e internationale en roulement.<\/p>\n\n\n\n<p>Il permettra au participant.es de \u2019r\u00e9affirmer\u2019 sa technique de danse et sera ax\u00e9 sur :<\/p>\n\n\n\n<ul class=\"wp-block-list\">\n<li>La technique individuelle, conna\u00eetre son corps, respecter sa motricit\u00e9.<\/li>\n\n\n\n<li>La connexion sensible, sentir l\u2019autre et conna\u00eetre sa danse.<\/li>\n\n\n\n<li>L\u2019\u00e9coute et l\u2019interpr\u00e9tation de la musique<\/li>\n\n\n\n<li>La gestion de l\u2019espace comme partenaire de danse,<\/li>\n\n\n\n<li>Un travail approfondi sur la technique de tango \u00e0 2<\/li>\n<\/ul>\n\n\n\n<p><\/p>\n\n\n\n<p><strong>Horaires :<\/strong><br>Les jeudis \u00e0 19h30 au <a href=\"https:\/\/www.google.com\/maps\/dir\/45.7748843,4.7991912\/25+Rue+du+Doyenn%C3%A9,+69005+Lyon\/@45.7671505,4.8068686,4218m\/data=!3m2!1e3!4b1!4m10!4m9!1m1!4e1!1m5!1m1!1s0x47f4ebac60118c79:0xf80d760d89b2226b!2m2!1d4.8258386!2d45.758379!3e1?hl=fr\"><\/a><a href=\"https:\/\/www.google.com\/maps\/dir\/\/25+Rue+du+Doyenn%C3%A9,+69005+Lyon\/@45.7584335,4.7907335,16873m\/data=!3m2!1e3!4b1!4m9!4m8!1m0!1m5!1m1!1s0x47f4ebac60118c79:0xf80d760d89b2226b!2m2!1d4.8258386!2d45.758379!3e1?hl=fr\">Local S.T.A, 25 Rue du Doyenn\u00e9, 69005 Lyon<\/a><\/p>\n","protected":false},"excerpt":{"rendered":"<p>Ce cours s\u2019adresse \u00e0 celles et ceux qui sont dans une recherche de perfectionnement dans leur danse, il est ouvert \u00e0 partir de la troisi\u00e8me ann\u00e9e d\u2019apprentissage et sera assur\u00e9 tout le long de l\u2019ann\u00e9e par des professeurs de renomm\u00e9e internationale en roulement. Il permettra au participant.es de \u2019r\u00e9affirmer\u2019 sa technique de danse et sera [&hellip;]<\/p>\n","protected":false},"author":1,"featured_media":0,"parent":0,"menu_order":0,"comment_status":"closed","ping_status":"closed","template":"","meta":{"ocean_post_layout":"","ocean_both_sidebars_style":"","ocean_both_sidebars_content_width":0,"ocean_both_sidebars_sidebars_width":0,"ocean_sidebar":"0","ocean_second_sidebar":"0","ocean_disable_margins":"enable","ocean_add_body_class":"","ocean_shortcode_before_top_bar":"","ocean_shortcode_after_top_bar":"","ocean_shortcode_before_header":"","ocean_shortcode_after_header":"","ocean_has_shortcode":"","ocean_shortcode_after_title":"","ocean_shortcode_before_footer_widgets":"","ocean_shortcode_after_footer_widgets":"","ocean_shortcode_before_footer_bottom":"","ocean_shortcode_after_footer_bottom":"","ocean_display_top_bar":"default","ocean_display_header":"default","ocean_header_style":"","ocean_center_header_left_menu":"0","ocean_custom_header_template":"0","ocean_custom_logo":0,"ocean_custom_retina_logo":0,"ocean_custom_logo_max_width":0,"ocean_custom_logo_tablet_max_width":0,"ocean_custom_logo_mobile_max_width":0,"ocean_custom_logo_max_height":0,"ocean_custom_logo_tablet_max_height":0,"ocean_custom_logo_mobile_max_height":0,"ocean_header_custom_menu":"0","ocean_menu_typo_font_family":"0","ocean_menu_typo_font_subset":"","ocean_menu_typo_font_size":0,"ocean_menu_typo_font_size_tablet":0,"ocean_menu_typo_font_size_mobile":0,"ocean_menu_typo_font_size_unit":"px","ocean_menu_typo_font_weight":"","ocean_menu_typo_font_weight_tablet":"","ocean_menu_typo_font_weight_mobile":"","ocean_menu_typo_transform":"","ocean_menu_typo_transform_tablet":"","ocean_menu_typo_transform_mobile":"","ocean_menu_typo_line_height":0,"ocean_menu_typo_line_height_tablet":0,"ocean_menu_typo_line_height_mobile":0,"ocean_menu_typo_line_height_unit":"","ocean_menu_typo_spacing":0,"ocean_menu_typo_spacing_tablet":0,"ocean_menu_typo_spacing_mobile":0,"ocean_menu_typo_spacing_unit":"","ocean_menu_link_color":"","ocean_menu_link_color_hover":"","ocean_menu_link_color_active":"","ocean_menu_link_background":"","ocean_menu_link_hover_background":"","ocean_menu_link_active_background":"","ocean_menu_social_links_bg":"","ocean_menu_social_hover_links_bg":"","ocean_menu_social_links_color":"","ocean_menu_social_hover_links_color":"","ocean_disable_title":"default","ocean_disable_heading":"default","ocean_post_title":"","ocean_post_subheading":"","ocean_post_title_style":"","ocean_post_title_background_color":"","ocean_post_title_background":0,"ocean_post_title_bg_image_position":"","ocean_post_title_bg_image_attachment":"","ocean_post_title_bg_image_repeat":"","ocean_post_title_bg_image_size":"","ocean_post_title_height":0,"ocean_post_title_bg_overlay":0.5,"ocean_post_title_bg_overlay_color":"","ocean_disable_breadcrumbs":"default","ocean_breadcrumbs_color":"","ocean_breadcrumbs_separator_color":"","ocean_breadcrumbs_links_color":"","ocean_breadcrumbs_links_hover_color":"","ocean_display_footer_widgets":"default","ocean_display_footer_bottom":"default","ocean_custom_footer_template":"0","_mc_calendar":[],"footnotes":""},"class_list":["post-66","page","type-page","status-publish","hentry","entry"],"_links":{"self":[{"href":"https:\/\/www.studiotangoargentino.com\/index.php?rest_route=\/wp\/v2\/pages\/66","targetHints":{"allow":["GET"]}}],"collection":[{"href":"https:\/\/www.studiotangoargentino.com\/index.php?rest_route=\/wp\/v2\/pages"}],"about":[{"href":"https:\/\/www.studiotangoargentino.com\/index.php?rest_route=\/wp\/v2\/types\/page"}],"author":[{"embeddable":true,"href":"https:\/\/www.studiotangoargentino.com\/index.php?rest_route=\/wp\/v2\/users\/1"}],"replies":[{"embeddable":true,"href":"https:\/\/www.studiotangoargentino.com\/index.php?rest_route=%2Fwp%2Fv2%2Fcomments&post=66"}],"version-history":[{"count":4,"href":"https:\/\/www.studiotangoargentino.com\/index.php?rest_route=\/wp\/v2\/pages\/66\/revisions"}],"predecessor-version":[{"id":3227,"href":"https:\/\/www.studiotangoargentino.com\/index.php?rest_route=\/wp\/v2\/pages\/66\/revisions\/3227"}],"wp:attachment":[{"href":"https:\/\/www.studiotangoargentino.com\/index.php?rest_route=%2Fwp%2Fv2%2Fmedia&parent=66"}],"curies":[{"name":"wp","href":"https:\/\/api.w.org\/{rel}","templated":true}]}}