{"id":4431,"date":"2025-12-11T17:48:52","date_gmt":"2025-12-11T16:48:52","guid":{"rendered":"https:\/\/www.studiotangoargentino.com\/?page_id=4431"},"modified":"2025-12-11T18:21:28","modified_gmt":"2025-12-11T17:21:28","slug":"cours-debutants-des-janvier-2026","status":"publish","type":"page","link":"https:\/\/www.studiotangoargentino.com\/?page_id=4431","title":{"rendered":"Nouveau cours d\u00e9butants d\u00e8s janvier 2026"},"content":{"rendered":"\n<p><\/p>\n\n\n\n<p>Embarquez dans une Nouvelle Aventure Tango en 2026 ! \ud83d\udc83<\/p>\n\n\n\n<p>Nous vous proposons un nouveau cours de tango \u00ab\u00a0d\u00e9butants\u00a0\u00bb pour permettre \u00e0 ceux qui le souhaitent de commencer \u00e0 apprendre le Tango Argentin en janvier.<\/p>\n\n\n\n<center><p class=\"blinking\"><strong>Tarif : 280 \u20ac cours de janvier \u00e0 juin 2026.<\/strong><\/p><\/center>\n\n\n\n<ul class=\"wp-block-list\">\n<li><a href=\"https:\/\/buy.stripe.com\/00g9EGe4E2pa6ac9AQ\">pour 280 \u20ac + 20 \u20ac d&rsquo;adh\u00e9sion, vous avez droit \u00e0 24 le\u00e7ons \u00e0 tarif normal<\/a><\/li>\n\n\n\n<li><a href=\"https:\/\/buy.stripe.com\/5kAeZ0d0A1l60PSdR5\">pour 180 \u20ac + 20 \u20ac d&rsquo;adh\u00e9sion, vous avez droit \u00e0 24 le\u00e7ons \u00e0 tarif r\u00e9duit (etudiant.es, ch\u00f4meurs, -26 ans)<\/a><\/li>\n<\/ul>\n\n\n\n<p><\/p>\n\n\n\n<p>En cette rentr\u00e9e diff\u00e9r\u00e9e, offrez-vous une exp\u00e9rience inoubliable avec nos cours de tango d\u00e9butants au Studio Tango Argentino \u00e0 Lyon. \ud83c\udf89\u2728<\/p>\n\n\n\n<p>Voici les meilleures raisons pour lesquelles vous pourriez commencer le tango en janvier :<\/p>\n\n\n\n<p>1\ufe0f\u20e3 Nouvelle ann\u00e9e, Nouvelle passion ! Commencez 2026 en beaut\u00e9 en explorant la grace du tango.<br>2\ufe0f\u20e3 Cr\u00e9ez des liens durables sur la piste de danse. Rejoignez une communaut\u00e9 accueillante et diversifi\u00e9e \u00e0 Lyon.<br>3\ufe0f\u20e3 Rechargez vos \u00e9nergies avec le Tango. Faites le plein de bonnes \u00e9nergies pour vivre 2026 avec \u00e9l\u00e9gance.<br>4\ufe0f\u20e3 Soyez pr\u00eat.es pour les festivit\u00e9s locales. Apprenez \u00e0 danser en pr\u00e9vision des \u00e9v\u00e9nements culturels et des festivit\u00e9s lyonnaises.<\/p>\n\n\n\n<p>\ud83d\udcc6 \u00c0 partir du lundi 5 janvier 2026<br>\ud83d\udd52 \u00e0 20h15<br>\ud83d\udccd \u00e0 <a href=\"https:\/\/www.google.com\/maps\/dir\/\/25+Rue+du+Doyenn%C3%A9,+69005+Lyon\/@45.7584335,4.7907335,16873m\/data=!3m2!1e3!4b1!4m9!4m8!1m0!1m5!1m1!1s0x47f4ebac60118c79:0xf80d760d89b2226b!2m2!1d4.8258386!2d45.758379!3e1?hl=fr\"><a href=\"https:\/\/www.google.com\/maps\/dir\/\/37+Rue+Bossuet,+69006+Lyon\/@45.767859,4.7798954,33740m\/data=!3m2!1e3!4b1!4m9!4m8!1m0!1m5!1m1!1s0x47f4eaf49e7582a1:0xc6cc5db3bebba597!2m2!1d4.8499352!2d45.7678804!3e1?hl=fr\">Centre associatif de la Mairie du 6\u00e9me, 37 Rue Bossuet, 69006 Lyon<\/a><\/a><\/p>\n\n\n\n<p>\ud83d\udcc6 \u00c0 partir du mardi 6 janvier 2026<br>\ud83d\udd52 \u00e0 20h30<br>\ud83d\udccd \u00e0 <a href=\"https:\/\/www.google.com\/maps\/dir\/\/25+Rue+du+Doyenn%C3%A9,+69005+Lyon\/@45.7584335,4.7907335,16873m\/data=!3m2!1e3!4b1!4m9!4m8!1m0!1m5!1m1!1s0x47f4ebac60118c79:0xf80d760d89b2226b!2m2!1d4.8258386!2d45.758379!3e1?hl=fr\">Local S.T.A, 25 Rue du Doyenn\u00e9, 69005 Lyon<\/a><\/p>\n\n\n\n<p>Apprendre \u00e0 danser le tango signifie :<\/p>\n\n\n\n<ul class=\"wp-block-list\">\n<li>commencer \u00e0 \u00e9tablir une relation \u00e0 soi-m\u00eame,<\/li>\n\n\n\n<li>travailler son ancrage, son \u00e9quilibre et sa spatialit\u00e9<\/li>\n\n\n\n<li>comprendre la relation \u00e0 l&rsquo;autre que l&rsquo;on rencontre dans la danse<\/li>\n\n\n\n<li>ouvrir son esprit \u00e0 tous les autres avec qui on partagera cette activit\u00e9 passionnante et enrichissante \u00e0 diff\u00e9rents niveaux : l&rsquo;\u00e9coute, la cr\u00e9ativit\u00e9, l&rsquo;\u00e9l\u00e9gance<\/li>\n<\/ul>\n\n\n\n<p>Si vous souhaitez commencer ou recommencer cette aventure, ce cours est pour vous !!!<\/p>\n\n\n\n<p><strong>Horaires :<\/strong><\/p>\n\n\n\n<figure class=\"wp-block-table is-style-stripes\">\n        <table>\n            <tbody>\n                <tr>\n                    <td>Lundi<\/td>\n                    <td>\n                        <strong>20h15<\/strong>\n                        <br>\n                        <a\nhref=\"https:\/\/www.google.com\/maps\/dir\/\/37+Rue+Bossuet,+69006+Lyon\/@45.767859,4.7798954,33740m\/data=!3m2!1e3!4b1!4m9!4m8!1m0!1m5!1m1!1s0x47f4eaf49e7582a1:0xc6cc5db3bebba597!2m2!1d4.8499352!2d45.7678804!3e1?hl=fr\"> \n                            Centre associatif de la Mairie du 6\u00e9me, 37 Rue Bossuet, 69006 Lyon \n                        <\/a>\n                    <\/td>\n             <\/tr>\n             <tr>\n                    <td>Mardi<\/td>\n                    <td>\n                        <strong>20h30<\/strong>\n                        <br>\n                        <a\n                            href=\"https:\/\/www.google.com\/maps\/dir\/\/25+Rue+du+Doyenn%C3%A9,+69005+Lyon\/@45.7584335,4.7907335,16873m\/data=!3m2!1e3!4b1!4m9!4m8!1m0!1m5!1m1!1s0x47f4ebac60118c79:0xf80d760d89b2226b!2m2!1d4.8258386!2d45.758379!3e1?hl=fr\">\n                            Local S.T.A, 25 Rue du Doyenn\u00e9, 69005 Lyon\n                        <\/a>\n                    <\/td>\n                <\/tr>\n            <\/tbody>\n        <\/table>\n    <\/figure>\n\n\n\n<p><\/p>\n","protected":false},"excerpt":{"rendered":"<p>Embarquez dans une Nouvelle Aventure Tango en 2026 ! \ud83d\udc83 Nous vous proposons un nouveau cours de tango \u00ab\u00a0d\u00e9butants\u00a0\u00bb pour permettre \u00e0 ceux qui le souhaitent de commencer \u00e0 apprendre le Tango Argentin en janvier. Tarif : 280 \u20ac cours de janvier \u00e0 juin 2026. En cette rentr\u00e9e diff\u00e9r\u00e9e, offrez-vous une exp\u00e9rience inoubliable avec nos [&hellip;]<\/p>\n","protected":false},"author":2,"featured_media":0,"parent":0,"menu_order":0,"comment_status":"closed","ping_status":"closed","template":"","meta":{"ocean_post_layout":"","ocean_both_sidebars_style":"","ocean_both_sidebars_content_width":0,"ocean_both_sidebars_sidebars_width":0,"ocean_sidebar":"","ocean_second_sidebar":"","ocean_disable_margins":"enable","ocean_add_body_class":"","ocean_shortcode_before_top_bar":"","ocean_shortcode_after_top_bar":"","ocean_shortcode_before_header":"","ocean_shortcode_after_header":"","ocean_has_shortcode":"","ocean_shortcode_after_title":"","ocean_shortcode_before_footer_widgets":"","ocean_shortcode_after_footer_widgets":"","ocean_shortcode_before_footer_bottom":"","ocean_shortcode_after_footer_bottom":"","ocean_display_top_bar":"default","ocean_display_header":"default","ocean_header_style":"","ocean_center_header_left_menu":"","ocean_custom_header_template":"","ocean_custom_logo":0,"ocean_custom_retina_logo":0,"ocean_custom_logo_max_width":0,"ocean_custom_logo_tablet_max_width":0,"ocean_custom_logo_mobile_max_width":0,"ocean_custom_logo_max_height":0,"ocean_custom_logo_tablet_max_height":0,"ocean_custom_logo_mobile_max_height":0,"ocean_header_custom_menu":"","ocean_menu_typo_font_family":"","ocean_menu_typo_font_subset":"","ocean_menu_typo_font_size":0,"ocean_menu_typo_font_size_tablet":0,"ocean_menu_typo_font_size_mobile":0,"ocean_menu_typo_font_size_unit":"px","ocean_menu_typo_font_weight":"","ocean_menu_typo_font_weight_tablet":"","ocean_menu_typo_font_weight_mobile":"","ocean_menu_typo_transform":"","ocean_menu_typo_transform_tablet":"","ocean_menu_typo_transform_mobile":"","ocean_menu_typo_line_height":0,"ocean_menu_typo_line_height_tablet":0,"ocean_menu_typo_line_height_mobile":0,"ocean_menu_typo_line_height_unit":"","ocean_menu_typo_spacing":0,"ocean_menu_typo_spacing_tablet":0,"ocean_menu_typo_spacing_mobile":0,"ocean_menu_typo_spacing_unit":"","ocean_menu_link_color":"","ocean_menu_link_color_hover":"","ocean_menu_link_color_active":"","ocean_menu_link_background":"","ocean_menu_link_hover_background":"","ocean_menu_link_active_background":"","ocean_menu_social_links_bg":"","ocean_menu_social_hover_links_bg":"","ocean_menu_social_links_color":"","ocean_menu_social_hover_links_color":"","ocean_disable_title":"default","ocean_disable_heading":"default","ocean_post_title":"","ocean_post_subheading":"","ocean_post_title_style":"","ocean_post_title_background_color":"","ocean_post_title_background":0,"ocean_post_title_bg_image_position":"","ocean_post_title_bg_image_attachment":"","ocean_post_title_bg_image_repeat":"","ocean_post_title_bg_image_size":"","ocean_post_title_height":0,"ocean_post_title_bg_overlay":0.5,"ocean_post_title_bg_overlay_color":"","ocean_disable_breadcrumbs":"default","ocean_breadcrumbs_color":"","ocean_breadcrumbs_separator_color":"","ocean_breadcrumbs_links_color":"","ocean_breadcrumbs_links_hover_color":"","ocean_display_footer_widgets":"default","ocean_display_footer_bottom":"default","ocean_custom_footer_template":"","_mc_calendar":[],"footnotes":""},"class_list":["post-4431","page","type-page","status-publish","hentry","entry"],"_links":{"self":[{"href":"https:\/\/www.studiotangoargentino.com\/index.php?rest_route=\/wp\/v2\/pages\/4431","targetHints":{"allow":["GET"]}}],"collection":[{"href":"https:\/\/www.studiotangoargentino.com\/index.php?rest_route=\/wp\/v2\/pages"}],"about":[{"href":"https:\/\/www.studiotangoargentino.com\/index.php?rest_route=\/wp\/v2\/types\/page"}],"author":[{"embeddable":true,"href":"https:\/\/www.studiotangoargentino.com\/index.php?rest_route=\/wp\/v2\/users\/2"}],"replies":[{"embeddable":true,"href":"https:\/\/www.studiotangoargentino.com\/index.php?rest_route=%2Fwp%2Fv2%2Fcomments&post=4431"}],"version-history":[{"count":3,"href":"https:\/\/www.studiotangoargentino.com\/index.php?rest_route=\/wp\/v2\/pages\/4431\/revisions"}],"predecessor-version":[{"id":4439,"href":"https:\/\/www.studiotangoargentino.com\/index.php?rest_route=\/wp\/v2\/pages\/4431\/revisions\/4439"}],"wp:attachment":[{"href":"https:\/\/www.studiotangoargentino.com\/index.php?rest_route=%2Fwp%2Fv2%2Fmedia&parent=4431"}],"curies":[{"name":"wp","href":"https:\/\/api.w.org\/{rel}","templated":true}]}}