{"id":76,"date":"2022-07-27T17:54:03","date_gmt":"2022-07-27T15:54:03","guid":{"rendered":"http:\/\/www.studiotangoargentino.com\/?page_id=76"},"modified":"2023-07-19T11:58:26","modified_gmt":"2023-07-19T09:58:26","slug":"tarifs-et-inscriptions","status":"publish","type":"page","link":"http:\/\/www.studiotangoargentino.com\/?page_id=76","title":{"rendered":"Tarifs et inscriptions"},"content":{"rendered":"\n<h2 class=\"wp-block-heading\">Adh\u00e9sion \u00e0 l\u2019association<\/h2>\n\n\n\n<p><a rel=\"noreferrer noopener\" href=\"http:\/\/www.studiotangoargentino.com\/wp-content\/uploads\/2023\/02\/convention_prestservice_et_bul_d_adhesion_sta_22_23.pdf\" data-type=\"URL\" data-id=\"http:\/\/www.studiotangoargentino.com\/wp-content\/uploads\/2023\/02\/convention_prestservice_et_bul_d_adhesion_sta_22_23.pdf\" target=\"_blank\">Une adh\u00e9sion<\/a> de <a href=\"https:\/\/buy.stripe.com\/14k7wy3q03te8ikdQQ\" target=\"_blank\" rel=\"noreferrer noopener\">20 \u20ac<\/a> est obligatoire pour participer aux activit\u00e9s de l\u2019association.<\/p>\n\n\n\n<h3 class=\"wp-block-heading\">Tarifs abonnements<\/h3>\n\n\n\n<p>Le tarif de l\u2019<a href=\"https:\/\/buy.stripe.com\/4gw8AC2lW3te2Y05km\" target=\"_blank\" rel=\"noreferrer noopener\">abonnement annuel est de 390\u20ac pour 34 cours<\/a>, vous pouvez payer en 3, 5 ou 10 ch\u00e8ques. Ainsi, en cas d\u2019annulation de cours pour raisons sanitaires, les ch\u00e8ques correspondant aux cours annul\u00e9s ne seront pas encaiss\u00e9s.<\/p>\n\n\n\n<p>Ces conditions s\u2019appliqueront aussi \u00e0 l\u2019<a href=\"https:\/\/buy.stripe.com\/9AQcQS7Gg9RCfKM5kn\" target=\"_blank\" rel=\"noreferrer noopener\">abonnement trimestriel de 170\u20ac<\/a> (payable en 3 ch\u00e8ques).<\/p>\n\n\n\n<ul class=\"wp-block-list\">\n<li><a href=\"https:\/\/buy.stripe.com\/9AQcQS7Gg9RCfKM5kn\" target=\"_blank\" rel=\"noreferrer noopener\">1 cours hebdomadaire sur un trimestre (12 cours \/ 3 mois)&nbsp;: 170 \u20ac<\/a><\/li>\n\n\n\n<li><a href=\"https:\/\/buy.stripe.com\/4gw8AC2lW3te2Y05km\" target=\"_blank\" rel=\"noreferrer noopener\">1 cours hebdomadaire (34 cours \/ 1 an)&nbsp;: 390 \u20ac<\/a><\/li>\n\n\n\n<li><a href=\"https:\/\/buy.stripe.com\/6oEeZ0e4Ed3Oaqs6os\" target=\"_blank\" rel=\"noreferrer noopener\">2 cours hebdomadaires (72 cours \/ 1 an)&nbsp;: 580 \u20ac<\/a><\/li>\n<\/ul>\n\n\n\n<p>Vous \u00eates libres de vous inscrire au(x) cours dont l\u2019horaire vous convient le mieux et de passer d\u2019un cours \u00e0 un autre en fonction de vos disponibilit\u00e9s dans l\u2019ann\u00e9e.<\/p>\n\n\n\n<h3 class=\"wp-block-heading\">Cours \u00e0 l\u2019unit\u00e9<\/h3>\n\n\n\n<p>Enfin vous avez \u00e9galement la possibilit\u00e9 d\u2019acheter une carte de 10 cours \u00e0 160\u20ac.<\/p>\n\n\n\n<ul class=\"wp-block-list\">\n<li><a href=\"https:\/\/buy.stripe.com\/6oE7wy2lW0h20PSaEJ\" target=\"_blank\" rel=\"noreferrer noopener\">Carte de 10 cours&nbsp;: 160 \u20ac<\/a><\/li>\n\n\n\n<li><a href=\"https:\/\/buy.stripe.com\/9AQcQS1hS8Nyaqs006\" target=\"_blank\" rel=\"noreferrer noopener\">1 cours&nbsp;: 20 \u20ac<\/a><\/li>\n<\/ul>\n\n\n\n<p>Carte de 10 cours&nbsp;: la premi\u00e8re carte peut \u00eatre convertie en abonnement annuel. Ces cours \u00e0 l\u2019unit\u00e9 sont destin\u00e9s aux cours interm\u00e9diaires et avanc\u00e9s. Pour les cours d\u00e9butants, il est vivement conseill\u00e9 de suivre les cours hebdomadaires avec r\u00e9gularit\u00e9.<\/p>\n\n\n\n<h3 class=\"wp-block-heading\">Tarifs r\u00e9duits<\/h3>\n\n\n\n<p>Nous proposons aussi des tarifs r\u00e9duits pour les b\u00e9n\u00e9ficiaires du RSA, les moins de 26 ans, les \u00e9tudiants et les ch\u00f4meurs.<\/p>\n\n\n\n<p><a href=\"https:\/\/buy.stripe.com\/9AQdUW0dOaVG9modQX\" target=\"_blank\" rel=\"noreferrer noopener\">34 cours \/ annuel\u00a0: 250 \u20ac<\/a><\/p>\n\n\n\n<p>Veuillez pr\u00e9senter un justificatif en cours de validit\u00e9 pour b\u00e9n\u00e9ficier de ces tarifs.<\/p>\n\n\n\n<h3 class=\"wp-block-heading\">Formulaire d\u2019inscription<\/h3>\n\n\n\n<p>Pour faciliter votre inscription, vous pouvez imprimer et remplir le bulletin d\u2019inscription ci-dessous qui sera \u00e0 joindre \u00e0 votre r\u00e8glement. L&rsquo;inscription se fait sur place dans le cours de votre choix.<\/p>\n\n\n\n<p>Il n\u2019est pas obligatoire de s\u2019inscrire en couple, et n\u2019oubliez pas que, quel que soit votre niveau, la participation aux milongas est plus que recommand\u00e9e pour faire vivre votre tango dans la r\u00e9alit\u00e9 du bal.<a href=\"http:\/\/studiotangoargentino.com\/IMG\/pdf\/convention_prestservice_et_bul_d_adhesion_sta_18.pdf\"><\/a><\/p>\n\n\n\n<h3 class=\"wp-block-heading\">R\u00e8glement fractionn\u00e9<\/h3>\n\n\n\n<p>Possibilit\u00e9 de payer en 10 fois pour l\u2019abonnement annuel, et en 3 fois pour l\u2019abonnement 3 mois ( maximum). Le r\u00e8glement est \u00e0 effectuer au moment de l\u2019inscription, les ch\u00e8ques seront encaiss\u00e9s en d\u00e9but de chaque mois.<\/p>\n\n\n\n<h3 class=\"wp-block-heading\">Remboursement<\/h3>\n\n\n\n<p>Aucun remboursement n\u2019est possible sauf en cas de mutation professionnelle ou raison m\u00e9dicale sur pr\u00e9sentation de justificatif.<\/p>\n\n\n\n<p>Pour d\u2019autres cas de figure tarifaires (tarif r\u00e9duit, 2 cours\/semaine, illimit\u00e9) il faudra nous contacter.<\/p>\n","protected":false},"excerpt":{"rendered":"<p>Adh\u00e9sion \u00e0 l\u2019association Une adh\u00e9sion de 20 \u20ac est obligatoire pour participer aux activit\u00e9s de l\u2019association. Tarifs abonnements Le tarif de l\u2019abonnement annuel est de 390\u20ac pour 34 cours, vous pouvez payer en 3, 5 ou 10 ch\u00e8ques. Ainsi, en cas d\u2019annulation de cours pour raisons sanitaires, les ch\u00e8ques correspondant aux cours annul\u00e9s ne seront [&hellip;]<\/p>\n","protected":false},"author":1,"featured_media":0,"parent":0,"menu_order":0,"comment_status":"closed","ping_status":"closed","template":"","meta":{"ocean_post_layout":"","ocean_both_sidebars_style":"","ocean_both_sidebars_content_width":0,"ocean_both_sidebars_sidebars_width":0,"ocean_sidebar":"0","ocean_second_sidebar":"0","ocean_disable_margins":"enable","ocean_add_body_class":"","ocean_shortcode_before_top_bar":"","ocean_shortcode_after_top_bar":"","ocean_shortcode_before_header":"","ocean_shortcode_after_header":"","ocean_has_shortcode":"","ocean_shortcode_after_title":"","ocean_shortcode_before_footer_widgets":"","ocean_shortcode_after_footer_widgets":"","ocean_shortcode_before_footer_bottom":"","ocean_shortcode_after_footer_bottom":"","ocean_display_top_bar":"default","ocean_display_header":"default","ocean_header_style":"","ocean_center_header_left_menu":"0","ocean_custom_header_template":"0","ocean_custom_logo":0,"ocean_custom_retina_logo":0,"ocean_custom_logo_max_width":0,"ocean_custom_logo_tablet_max_width":0,"ocean_custom_logo_mobile_max_width":0,"ocean_custom_logo_max_height":0,"ocean_custom_logo_tablet_max_height":0,"ocean_custom_logo_mobile_max_height":0,"ocean_header_custom_menu":"0","ocean_menu_typo_font_family":"0","ocean_menu_typo_font_subset":"","ocean_menu_typo_font_size":0,"ocean_menu_typo_font_size_tablet":0,"ocean_menu_typo_font_size_mobile":0,"ocean_menu_typo_font_size_unit":"px","ocean_menu_typo_font_weight":"","ocean_menu_typo_font_weight_tablet":"","ocean_menu_typo_font_weight_mobile":"","ocean_menu_typo_transform":"","ocean_menu_typo_transform_tablet":"","ocean_menu_typo_transform_mobile":"","ocean_menu_typo_line_height":0,"ocean_menu_typo_line_height_tablet":0,"ocean_menu_typo_line_height_mobile":0,"ocean_menu_typo_line_height_unit":"","ocean_menu_typo_spacing":0,"ocean_menu_typo_spacing_tablet":0,"ocean_menu_typo_spacing_mobile":0,"ocean_menu_typo_spacing_unit":"","ocean_menu_link_color":"","ocean_menu_link_color_hover":"","ocean_menu_link_color_active":"","ocean_menu_link_background":"","ocean_menu_link_hover_background":"","ocean_menu_link_active_background":"","ocean_menu_social_links_bg":"","ocean_menu_social_hover_links_bg":"","ocean_menu_social_links_color":"","ocean_menu_social_hover_links_color":"","ocean_disable_title":"default","ocean_disable_heading":"default","ocean_post_title":"","ocean_post_subheading":"","ocean_post_title_style":"","ocean_post_title_background_color":"","ocean_post_title_background":0,"ocean_post_title_bg_image_position":"","ocean_post_title_bg_image_attachment":"","ocean_post_title_bg_image_repeat":"","ocean_post_title_bg_image_size":"","ocean_post_title_height":0,"ocean_post_title_bg_overlay":0.5,"ocean_post_title_bg_overlay_color":"","ocean_disable_breadcrumbs":"default","ocean_breadcrumbs_color":"","ocean_breadcrumbs_separator_color":"","ocean_breadcrumbs_links_color":"","ocean_breadcrumbs_links_hover_color":"","ocean_display_footer_widgets":"default","ocean_display_footer_bottom":"default","ocean_custom_footer_template":"0","_mc_calendar":[],"footnotes":""},"class_list":["post-76","page","type-page","status-publish","hentry","entry"],"_links":{"self":[{"href":"http:\/\/www.studiotangoargentino.com\/index.php?rest_route=\/wp\/v2\/pages\/76","targetHints":{"allow":["GET"]}}],"collection":[{"href":"http:\/\/www.studiotangoargentino.com\/index.php?rest_route=\/wp\/v2\/pages"}],"about":[{"href":"http:\/\/www.studiotangoargentino.com\/index.php?rest_route=\/wp\/v2\/types\/page"}],"author":[{"embeddable":true,"href":"http:\/\/www.studiotangoargentino.com\/index.php?rest_route=\/wp\/v2\/users\/1"}],"replies":[{"embeddable":true,"href":"http:\/\/www.studiotangoargentino.com\/index.php?rest_route=%2Fwp%2Fv2%2Fcomments&post=76"}],"version-history":[{"count":6,"href":"http:\/\/www.studiotangoargentino.com\/index.php?rest_route=\/wp\/v2\/pages\/76\/revisions"}],"predecessor-version":[{"id":2130,"href":"http:\/\/www.studiotangoargentino.com\/index.php?rest_route=\/wp\/v2\/pages\/76\/revisions\/2130"}],"wp:attachment":[{"href":"http:\/\/www.studiotangoargentino.com\/index.php?rest_route=%2Fwp%2Fv2%2Fmedia&parent=76"}],"curies":[{"name":"wp","href":"https:\/\/api.w.org\/{rel}","templated":true}]}}