{"id":4121,"date":"2025-07-07T21:11:07","date_gmt":"2025-07-07T19:11:07","guid":{"rendered":"https:\/\/www.studiotangoargentino.com\/?page_id=4121"},"modified":"2025-07-07T21:16:48","modified_gmt":"2025-07-07T19:16:48","slug":"tango-expression-et-interpretation","status":"publish","type":"page","link":"http:\/\/www.studiotangoargentino.com\/?page_id=4121","title":{"rendered":"Tango Expression et Interpretation (Tous niveaux)"},"content":{"rendered":"\n<p>Tango \u00ab\u00a0Exploration\/Interpr\u00e9tation\u00a0\u00bb Approche ludique pour d\u00e9velopper un Tango plus personnel<\/p>\n\n\n\n<p>C&rsquo;est un cours qui se propose d&rsquo;enrichir vos possibilit\u00e9s d\u2019interpr\u00e9tation, de d\u00e9velopper la notion d&rsquo;improvisation et d&rsquo;apporter une qualit\u00e9 et une diversit\u00e9 dans vos mouvements.<\/p>\n\n\n\n<p>Il s&rsquo;agit aussi d&rsquo;un travail \u00e0 partir de l&rsquo;\u00e9coute de musiques choisies.<\/p>\n\n\n\n<p>Ce cours a pour but de centrer le travail sur le ressenti, les sens et sensations. Il pourra \u00eatre un compl\u00e9ment pertinent \u00e0 votre apprentissage du Tango pour aboutir \u00e0 plus de plaisir dans la danse et dans le partage.<\/p>\n\n\n\n<p><strong>Horaires :<\/strong><br>Les lundi \u00e0 18h15 au\u00a0<a href=\"https:\/\/www.google.com\/maps\/dir\/\/25+Rue+du+Doyenn%C3%A9,+69005+Lyon\/@45.7584335,4.7907335,16873m\/data=!3m2!1e3!4b1!4m9!4m8!1m0!1m5!1m1!1s0x47f4ebac60118c79:0xf80d760d89b2226b!2m2!1d4.8258386!2d45.758379!3e1?hl=fr\">Local S.T.A, 25 Rue du Doyenn\u00e9, 69005 Lyon<\/a><\/p>\n","protected":false},"excerpt":{"rendered":"<p>Tango \u00ab\u00a0Exploration\/Interpr\u00e9tation\u00a0\u00bb Approche ludique pour d\u00e9velopper un Tango plus personnel C&rsquo;est un cours qui se propose d&rsquo;enrichir vos possibilit\u00e9s d\u2019interpr\u00e9tation, de d\u00e9velopper la notion d&rsquo;improvisation et d&rsquo;apporter une qualit\u00e9 et une diversit\u00e9 dans vos mouvements. Il s&rsquo;agit aussi d&rsquo;un travail \u00e0 partir de l&rsquo;\u00e9coute de musiques choisies. Ce cours a pour but de centrer le [&hellip;]<\/p>\n","protected":false},"author":2,"featured_media":0,"parent":0,"menu_order":0,"comment_status":"closed","ping_status":"closed","template":"","meta":{"ocean_post_layout":"","ocean_both_sidebars_style":"","ocean_both_sidebars_content_width":0,"ocean_both_sidebars_sidebars_width":0,"ocean_sidebar":"","ocean_second_sidebar":"","ocean_disable_margins":"enable","ocean_add_body_class":"","ocean_shortcode_before_top_bar":"","ocean_shortcode_after_top_bar":"","ocean_shortcode_before_header":"","ocean_shortcode_after_header":"","ocean_has_shortcode":"","ocean_shortcode_after_title":"","ocean_shortcode_before_footer_widgets":"","ocean_shortcode_after_footer_widgets":"","ocean_shortcode_before_footer_bottom":"","ocean_shortcode_after_footer_bottom":"","ocean_display_top_bar":"default","ocean_display_header":"default","ocean_header_style":"","ocean_center_header_left_menu":"","ocean_custom_header_template":"","ocean_custom_logo":0,"ocean_custom_retina_logo":0,"ocean_custom_logo_max_width":0,"ocean_custom_logo_tablet_max_width":0,"ocean_custom_logo_mobile_max_width":0,"ocean_custom_logo_max_height":0,"ocean_custom_logo_tablet_max_height":0,"ocean_custom_logo_mobile_max_height":0,"ocean_header_custom_menu":"","ocean_menu_typo_font_family":"","ocean_menu_typo_font_subset":"","ocean_menu_typo_font_size":0,"ocean_menu_typo_font_size_tablet":0,"ocean_menu_typo_font_size_mobile":0,"ocean_menu_typo_font_size_unit":"px","ocean_menu_typo_font_weight":"","ocean_menu_typo_font_weight_tablet":"","ocean_menu_typo_font_weight_mobile":"","ocean_menu_typo_transform":"","ocean_menu_typo_transform_tablet":"","ocean_menu_typo_transform_mobile":"","ocean_menu_typo_line_height":0,"ocean_menu_typo_line_height_tablet":0,"ocean_menu_typo_line_height_mobile":0,"ocean_menu_typo_line_height_unit":"","ocean_menu_typo_spacing":0,"ocean_menu_typo_spacing_tablet":0,"ocean_menu_typo_spacing_mobile":0,"ocean_menu_typo_spacing_unit":"","ocean_menu_link_color":"","ocean_menu_link_color_hover":"","ocean_menu_link_color_active":"","ocean_menu_link_background":"","ocean_menu_link_hover_background":"","ocean_menu_link_active_background":"","ocean_menu_social_links_bg":"","ocean_menu_social_hover_links_bg":"","ocean_menu_social_links_color":"","ocean_menu_social_hover_links_color":"","ocean_disable_title":"default","ocean_disable_heading":"default","ocean_post_title":"Tango Expression et Interpretation","ocean_post_subheading":"Pour tous niveaux","ocean_post_title_style":"","ocean_post_title_background_color":"","ocean_post_title_background":0,"ocean_post_title_bg_image_position":"","ocean_post_title_bg_image_attachment":"","ocean_post_title_bg_image_repeat":"","ocean_post_title_bg_image_size":"","ocean_post_title_height":0,"ocean_post_title_bg_overlay":0.5,"ocean_post_title_bg_overlay_color":"","ocean_disable_breadcrumbs":"default","ocean_breadcrumbs_color":"","ocean_breadcrumbs_separator_color":"","ocean_breadcrumbs_links_color":"","ocean_breadcrumbs_links_hover_color":"","ocean_display_footer_widgets":"default","ocean_display_footer_bottom":"default","ocean_custom_footer_template":"","_mc_calendar":[],"footnotes":""},"class_list":["post-4121","page","type-page","status-publish","hentry","entry"],"_links":{"self":[{"href":"http:\/\/www.studiotangoargentino.com\/index.php?rest_route=\/wp\/v2\/pages\/4121","targetHints":{"allow":["GET"]}}],"collection":[{"href":"http:\/\/www.studiotangoargentino.com\/index.php?rest_route=\/wp\/v2\/pages"}],"about":[{"href":"http:\/\/www.studiotangoargentino.com\/index.php?rest_route=\/wp\/v2\/types\/page"}],"author":[{"embeddable":true,"href":"http:\/\/www.studiotangoargentino.com\/index.php?rest_route=\/wp\/v2\/users\/2"}],"replies":[{"embeddable":true,"href":"http:\/\/www.studiotangoargentino.com\/index.php?rest_route=%2Fwp%2Fv2%2Fcomments&post=4121"}],"version-history":[{"count":5,"href":"http:\/\/www.studiotangoargentino.com\/index.php?rest_route=\/wp\/v2\/pages\/4121\/revisions"}],"predecessor-version":[{"id":4127,"href":"http:\/\/www.studiotangoargentino.com\/index.php?rest_route=\/wp\/v2\/pages\/4121\/revisions\/4127"}],"wp:attachment":[{"href":"http:\/\/www.studiotangoargentino.com\/index.php?rest_route=%2Fwp%2Fv2%2Fmedia&parent=4121"}],"curies":[{"name":"wp","href":"https:\/\/api.w.org\/{rel}","templated":true}]}}