{"id":298,"date":"2022-07-28T18:45:58","date_gmt":"2022-07-28T16:45:58","guid":{"rendered":"http:\/\/www.studiotangoargentino.com\/?page_id=298"},"modified":"2022-11-19T11:05:48","modified_gmt":"2022-11-19T10:05:48","slug":"carmela-acuyo","status":"publish","type":"page","link":"http:\/\/www.studiotangoargentino.com\/?page_id=298","title":{"rendered":"Carmela Acuyo"},"content":{"rendered":"\n<div class=\"wp-block-columns is-layout-flex wp-container-core-columns-is-layout-9d6595d7 wp-block-columns-is-layout-flex\">\n<div class=\"wp-block-column is-layout-flow wp-block-column-is-layout-flow\" style=\"flex-basis:66.66%\">\n<p>Danseuse, chor\u00e9graphe, etp\u00e9dagoque de Tango argentin d\u2019origine d\u2019Andalousie.<br>Elle r\u00e9side en France depuis 1998. Elle est dipl\u00f4m\u00e9e du Conservatoire de Danse Classique du Conservatoire sup\u00e9rieure de Danse de Grenade.<br>Depuis 18 ans elle est directrice artistique et chor\u00e9graphe de la compagnie de Danse Contemporaine <strong>Vendaval <\/strong>(<a href=\"http:\/\/www.vendaval.fr\/\">www.vendaval.fr<\/a>).<br>Sa rencontre avec le Tango argentin s\u2019est faite \u00e0 Toulouse il y a quelques ann\u00e9es.<br>Elle danse dans la compagnie de Catherine Berbe\u00e7u et Federico Moreno et elle a suivi des formations avec Pablo Tegli et Lucia Masser, Juan Fossati et Gim\u00e9na Aramburu, Plablo Inza et Mariela Sametband, Martin Moldonado y Mauricio Ghella, Gaston Torelli et Moira Castellano, parmi d\u2019autres.<br>Elle a travaill\u00e9 en tant que professeur dans les associations&nbsp;: Tangueando (Toulouse), A media luz (Toulouse), Color Tango (Montauban), Mazatango ( Mazamet) et Tangoalegre (Montpellier).<br>Actuellement elle approfondit et transmet sa connaissance du tango et de la technique f\u00e9minine en ayant comme axe de son travail l\u2019approfonsissement de la conscience corporelle dans le mouvement et elle collabore depuis 2015 avec Studio Tango Argentino.<\/p>\n<\/div>\n\n\n\n<div class=\"wp-block-column is-layout-flow wp-block-column-is-layout-flow\" style=\"flex-basis:33.33%\">\n<figure class=\"wp-block-gallery has-nested-images columns-default is-cropped wp-block-gallery-1 is-layout-flex wp-block-gallery-is-layout-flex\">\n<figure class=\"wp-block-image size-full\"><img fetchpriority=\"high\" decoding=\"async\" width=\"640\" height=\"960\" data-id=\"1007\" src=\"http:\/\/www.studiotangoargentino.com\/wp-content\/uploads\/2022\/11\/carmela.jpg\" alt=\"\" class=\"wp-image-1007\"\/><\/figure>\n<\/figure>\n<\/div>\n<\/div>\n","protected":false},"excerpt":{"rendered":"<p>Danseuse, chor\u00e9graphe, etp\u00e9dagoque de Tango argentin d\u2019origine d\u2019Andalousie.Elle r\u00e9side en France depuis 1998. Elle est dipl\u00f4m\u00e9e du Conservatoire de Danse Classique du Conservatoire sup\u00e9rieure de Danse de Grenade.Depuis 18 ans elle est directrice artistique et chor\u00e9graphe de la compagnie de Danse Contemporaine Vendaval (www.vendaval.fr).Sa rencontre avec le Tango argentin s\u2019est faite \u00e0 Toulouse il y [&hellip;]<\/p>\n","protected":false},"author":1,"featured_media":0,"parent":0,"menu_order":0,"comment_status":"closed","ping_status":"closed","template":"","meta":{"ocean_post_layout":"full-width","ocean_both_sidebars_style":"","ocean_both_sidebars_content_width":0,"ocean_both_sidebars_sidebars_width":0,"ocean_sidebar":"0","ocean_second_sidebar":"0","ocean_disable_margins":"enable","ocean_add_body_class":"","ocean_shortcode_before_top_bar":"","ocean_shortcode_after_top_bar":"","ocean_shortcode_before_header":"","ocean_shortcode_after_header":"","ocean_has_shortcode":"","ocean_shortcode_after_title":"","ocean_shortcode_before_footer_widgets":"","ocean_shortcode_after_footer_widgets":"","ocean_shortcode_before_footer_bottom":"","ocean_shortcode_after_footer_bottom":"","ocean_display_top_bar":"default","ocean_display_header":"default","ocean_header_style":"","ocean_center_header_left_menu":"0","ocean_custom_header_template":"0","ocean_custom_logo":0,"ocean_custom_retina_logo":0,"ocean_custom_logo_max_width":0,"ocean_custom_logo_tablet_max_width":0,"ocean_custom_logo_mobile_max_width":0,"ocean_custom_logo_max_height":0,"ocean_custom_logo_tablet_max_height":0,"ocean_custom_logo_mobile_max_height":0,"ocean_header_custom_menu":"0","ocean_menu_typo_font_family":"0","ocean_menu_typo_font_subset":"","ocean_menu_typo_font_size":0,"ocean_menu_typo_font_size_tablet":0,"ocean_menu_typo_font_size_mobile":0,"ocean_menu_typo_font_size_unit":"px","ocean_menu_typo_font_weight":"","ocean_menu_typo_font_weight_tablet":"","ocean_menu_typo_font_weight_mobile":"","ocean_menu_typo_transform":"","ocean_menu_typo_transform_tablet":"","ocean_menu_typo_transform_mobile":"","ocean_menu_typo_line_height":0,"ocean_menu_typo_line_height_tablet":0,"ocean_menu_typo_line_height_mobile":0,"ocean_menu_typo_line_height_unit":"","ocean_menu_typo_spacing":0,"ocean_menu_typo_spacing_tablet":0,"ocean_menu_typo_spacing_mobile":0,"ocean_menu_typo_spacing_unit":"","ocean_menu_link_color":"","ocean_menu_link_color_hover":"","ocean_menu_link_color_active":"","ocean_menu_link_background":"","ocean_menu_link_hover_background":"","ocean_menu_link_active_background":"","ocean_menu_social_links_bg":"","ocean_menu_social_hover_links_bg":"","ocean_menu_social_links_color":"","ocean_menu_social_hover_links_color":"","ocean_disable_title":"default","ocean_disable_heading":"default","ocean_post_title":"","ocean_post_subheading":"","ocean_post_title_style":"","ocean_post_title_background_color":"","ocean_post_title_background":0,"ocean_post_title_bg_image_position":"","ocean_post_title_bg_image_attachment":"","ocean_post_title_bg_image_repeat":"","ocean_post_title_bg_image_size":"","ocean_post_title_height":0,"ocean_post_title_bg_overlay":0.5,"ocean_post_title_bg_overlay_color":"","ocean_disable_breadcrumbs":"default","ocean_breadcrumbs_color":"","ocean_breadcrumbs_separator_color":"","ocean_breadcrumbs_links_color":"","ocean_breadcrumbs_links_hover_color":"","ocean_display_footer_widgets":"default","ocean_display_footer_bottom":"default","ocean_custom_footer_template":"0","_mc_calendar":[],"footnotes":""},"class_list":["post-298","page","type-page","status-publish","hentry","entry"],"_links":{"self":[{"href":"http:\/\/www.studiotangoargentino.com\/index.php?rest_route=\/wp\/v2\/pages\/298","targetHints":{"allow":["GET"]}}],"collection":[{"href":"http:\/\/www.studiotangoargentino.com\/index.php?rest_route=\/wp\/v2\/pages"}],"about":[{"href":"http:\/\/www.studiotangoargentino.com\/index.php?rest_route=\/wp\/v2\/types\/page"}],"author":[{"embeddable":true,"href":"http:\/\/www.studiotangoargentino.com\/index.php?rest_route=\/wp\/v2\/users\/1"}],"replies":[{"embeddable":true,"href":"http:\/\/www.studiotangoargentino.com\/index.php?rest_route=%2Fwp%2Fv2%2Fcomments&post=298"}],"version-history":[{"count":2,"href":"http:\/\/www.studiotangoargentino.com\/index.php?rest_route=\/wp\/v2\/pages\/298\/revisions"}],"predecessor-version":[{"id":1363,"href":"http:\/\/www.studiotangoargentino.com\/index.php?rest_route=\/wp\/v2\/pages\/298\/revisions\/1363"}],"wp:attachment":[{"href":"http:\/\/www.studiotangoargentino.com\/index.php?rest_route=%2Fwp%2Fv2%2Fmedia&parent=298"}],"curies":[{"name":"wp","href":"https:\/\/api.w.org\/{rel}","templated":true}]}}